{"id":7,"date":"2020-12-28T13:09:46","date_gmt":"2020-12-28T13:09:46","guid":{"rendered":"http:\/\/www.mgvodnistavby.cz\/?page_id=7"},"modified":"2021-01-02T19:51:25","modified_gmt":"2021-01-02T19:51:25","slug":"o-nas","status":"publish","type":"page","link":"https:\/\/www.mgvodnistavby.cz\/index.php\/o-nas\/","title":{"rendered":"O n\u00e1s"},"content":{"rendered":"\n<p>Odd\u00edl modern\u00ed gymnastiky<strong>\u00a0TJ Vodn\u00ed stavby Praha<\/strong>\u00a0pat\u0159\u00ed k tradi\u010dn\u00edm odd\u00edl\u016fm s velkou z\u00e1kladnou, kter\u00fd se \u00fasp\u011b\u0161n\u011b prezentuje na z\u00e1vodech v Praze i v cel\u00e9 \u010cesk\u00e9 republice. V\u011bnuje se d\u011bv\u010dat\u016fm od 4 let a\u017e do dosp\u011blosti a nab\u00edz\u00ed jim mo\u017enost aktivn\u011b tr\u00e1vit voln\u00fd \u010das jedn\u00edm z nejkr\u00e1sn\u011bj\u0161\u00edch d\u00edv\u010d\u00edch sport\u016f.<\/p>\n\n\n\n<p>Ve sv\u00fdch tr\u00e9ninc\u00edch se odd\u00edl zam\u011b\u0159uje p\u0159edev\u0161\u00edm na z\u00e1kladn\u00ed a kombinovan\u00fd program a v podzimn\u00ed sez\u00f3n\u011b na p\u00f3diov\u00e9 skladby linie B. Zp\u0159\u00edstup\u0148uje tak tento sport d\u011bv\u010dat\u016fm se z\u00e1jmem o modern\u00ed gymnastiku, kter\u00e9 necht\u011bj\u00ed tr\u00e9novat na vrcholn\u00e9 \u00farovni, co\u017e je \u010dasov\u011b i fyzicky velice n\u00e1ro\u010dn\u00e9. Kvalitn\u00edmi tr\u00e9ninky, v nich\u017e se klade d\u016fraz na spr\u00e1vn\u00e9 dr\u017een\u00ed t\u011bla, l\u00edbiv\u00fd pohybov\u00fd projev, cit pro hudbu i p\u0159esnou techniku s n\u00e1\u010din\u00edm, dosahuj\u00ed  gymnastky velmi dobr\u00fdch um\u00edst\u011bn\u00ed na poh\u00e1rov\u00fdch i republikov\u00fdch z\u00e1vodech.<\/p>\n\n\n\n<figure class=\"wp-block-image size-large\"><img loading=\"lazy\" width=\"1024\" height=\"682\" src=\"https:\/\/www.mgvodnistavby.cz\/wp-content\/uploads\/2021\/01\/DSC_5211-1024x682.jpg\" alt=\"\" class=\"wp-image-121\" srcset=\"https:\/\/www.mgvodnistavby.cz\/wp-content\/uploads\/2021\/01\/DSC_5211-1024x682.jpg 1024w, https:\/\/www.mgvodnistavby.cz\/wp-content\/uploads\/2021\/01\/DSC_5211-300x200.jpg 300w, https:\/\/www.mgvodnistavby.cz\/wp-content\/uploads\/2021\/01\/DSC_5211-768x512.jpg 768w, https:\/\/www.mgvodnistavby.cz\/wp-content\/uploads\/2021\/01\/DSC_5211-1536x1024.jpg 1536w, https:\/\/www.mgvodnistavby.cz\/wp-content\/uploads\/2021\/01\/DSC_5211.jpg 1772w\" sizes=\"(max-width: 767px) 89vw, (max-width: 1000px) 54vw, (max-width: 1071px) 543px, 580px\" \/><\/figure>\n","protected":false},"excerpt":{"rendered":"<p>Odd\u00edl modern\u00ed gymnastiky\u00a0TJ Vodn\u00ed stavby Praha\u00a0pat\u0159\u00ed k tradi\u010dn\u00edm odd\u00edl\u016fm s velkou z\u00e1kladnou, kter\u00fd se \u00fasp\u011b\u0161n\u011b prezentuje na z\u00e1vodech v Praze i v cel\u00e9 \u010cesk\u00e9 republice. V\u011bnuje se d\u011bv\u010dat\u016fm od 4 let a\u017e do dosp\u011blosti a nab\u00edz\u00ed jim mo\u017enost aktivn\u011b tr\u00e1vit voln\u00fd \u010das jedn\u00edm z nejkr\u00e1sn\u011bj\u0161\u00edch d\u00edv\u010d\u00edch sport\u016f. Ve sv\u00fdch tr\u00e9ninc\u00edch se odd\u00edl zam\u011b\u0159uje p\u0159edev\u0161\u00edm na &hellip; <\/p>\n<p class=\"link-more\"><a href=\"https:\/\/www.mgvodnistavby.cz\/index.php\/o-nas\/\" class=\"more-link\">Pokra\u010dovat ve \u010dten\u00ed<span class=\"screen-reader-text\"> &#8222;O n\u00e1s&#8220;<\/span><\/a><\/p>\n","protected":false},"author":1,"featured_media":0,"parent":0,"menu_order":0,"comment_status":"closed","ping_status":"closed","template":"","meta":[],"_links":{"self":[{"href":"https:\/\/www.mgvodnistavby.cz\/index.php\/wp-json\/wp\/v2\/pages\/7"}],"collection":[{"href":"https:\/\/www.mgvodnistavby.cz\/index.php\/wp-json\/wp\/v2\/pages"}],"about":[{"href":"https:\/\/www.mgvodnistavby.cz\/index.php\/wp-json\/wp\/v2\/types\/page"}],"author":[{"embeddable":true,"href":"https:\/\/www.mgvodnistavby.cz\/index.php\/wp-json\/wp\/v2\/users\/1"}],"replies":[{"embeddable":true,"href":"https:\/\/www.mgvodnistavby.cz\/index.php\/wp-json\/wp\/v2\/comments?post=7"}],"version-history":[{"count":13,"href":"https:\/\/www.mgvodnistavby.cz\/index.php\/wp-json\/wp\/v2\/pages\/7\/revisions"}],"predecessor-version":[{"id":225,"href":"https:\/\/www.mgvodnistavby.cz\/index.php\/wp-json\/wp\/v2\/pages\/7\/revisions\/225"}],"wp:attachment":[{"href":"https:\/\/www.mgvodnistavby.cz\/index.php\/wp-json\/wp\/v2\/media?parent=7"}],"curies":[{"name":"wp","href":"https:\/\/api.w.org\/{rel}","templated":true}]}}